7223661?
2187
What is the greatest common divisor of 19041 and 618519?
33
What is the greatest common factor of 627 and 764104?
209
What is the highest common factor of 232 and 135988?
4
What is the highest common factor of 728 and 8829379?
13
What is the highest common factor of 3281820 and 48107?
659
Calculate the greatest common divisor of 1376 and 42473852.
172
Calculate the greatest common divisor of 510744032 and 128.
32
Calculate the greatest common divisor of 681725 and 4175.
25
What is the highest common divisor of 82366 and 386?
2
What is the greatest common divisor of 11676120 and 1500?
60
What is the greatest common divisor of 11240882 and 138?
46
What is the greatest common factor of 27 and 40464279?
27
What is the highest common divisor of 238 and 14828828?
238
Calculate the highest common divisor of 30557147 and 813.
271
Calculate the highest common factor of 123602 and 445073.
23
What is the highest common factor of 199822 and 216134?
4078
Calculate the highest common divisor of 610080 and 184605.
465
Calculate the highest common divisor of 7502 and 2034406.
682
Calculate the highest common factor of 21220 and 321308996.
4244
What is the highest common factor of 2416 and 2235159984?
2416
What is the highest common divisor of 1138203 and 20625?
33
What is the greatest common divisor of 693 and 292111281?
693
Calculate the highest common divisor of 49640 and 329887.
73
What is the highest common factor of 64 and 87983872?
64
Calculate the greatest common factor of 2063562 and 31382.
34
What is the highest common factor of 594 and 93440358?
594
What is the greatest common divisor of 14130099 and 3285?
657
Calculate the highest common divisor of 11660544 and 4096.
256
What is the greatest common factor of 1305 and 21271355?
145
Calculate the greatest common factor of 64 and 5951296.
64
What is the highest common divisor of 12072384 and 324?
36
What is the highest common divisor of 13392 and 741768?
744
Calculate the greatest common divisor of 7340 and 116640674.
734
What is the greatest common divisor of 18 and 67121442?
18
What is the greatest common divisor of 174986 and 136196?
862
What is the greatest common factor of 40080 and 1228452?
2004
Calculate the greatest common factor of 106495855 and 380.
95
What is the greatest common divisor of 75 and 12790525?
25
Calculate the greatest common factor of 1711080 and 1148.
28
What is the highest common divisor of 1113 and 107247?
21
Calculate the highest common factor of 14400863 and 22361.
379
Calculate the highest common divisor of 17963 and 2895079.
253
Calculate the highest common factor of 149657 and 190847.
1373
Calculate the greatest common factor of 208369 and 2154348.
721
Calculate the highest common divisor of 740789 and 41807.
97
Calculate the highest common factor of 1614696 and 3192.
456
Calculate the greatest common factor of 119188334 and 94.
94
What is the greatest common divisor of 15502131 and 24408?
3051
What is the highest common divisor of 19456 and 920000?
64
What is the greatest common factor of 261763 and 36961?
23
What is the greatest common factor of 47933852 and 4?
4
What is the greatest common factor of 43059 and 30814?
31
What is the highest common factor of 3114628 and 1333948?
3124
Calculate the greatest common factor of 405 and 279304605.
405
What is the highest common factor of 249299 and 76?
19
Calculate the greatest common factor of 114 and 987639.
57
Calculate the greatest common divisor of 492 and 1869488931.
123
What is the highest common divisor of 227157548 and 72693?
8077
Calculate the greatest common divisor of 455752 and 88792.
88
Calculate the highest common divisor of 4428 and 698886.
738
What is the highest common factor of 56392583 and 477?
53
What is the greatest common divisor of 4935 and 1335285?
105
What is the highest common factor of 6588 and 20952?
108
Calculate the greatest common divisor of 194456304 and 3906.
3906
What is the greatest common factor of 976 and 3105815?
61
Calculate the greatest common factor of 26797213 and 1075.
43
What is the greatest common factor of 8242 and 91?
13
What is the highest common divisor of 322 and 762137131?
161
What is the highest common factor of 734783 and 4958?
37
What is the highest common factor of 53 and 586381241?
53
Calculate the highest common factor of 60775085 and 340.
85
Calculate the highest common factor of 393 and 7994537.
131
Calculate the greatest common factor of 187 and 2479268.
11
What is the greatest common factor of 2685496 and 2134?
22
Calculate the highest common divisor of 3344 and 1702932.
836
What is the greatest common factor of 4337621 and 2558476?
2183
What is the highest common factor of 318262529 and 7534?
3767
Calculate the greatest common divisor of 4014654 and 3486.
42
What is the greatest common divisor of 16269 and 10817609?
319
Calculate the highest common factor of 14697 and 816615.
207
Calculate the highest common divisor of 70 and 248069290.
70
Calculate the greatest common factor of 72 and 34256136.
24
Calculate the highest common divisor of 1388609919 and 293.
293
What is the greatest common factor of 42813 and 758574?
603
Calculate the highest common factor of 293 and 48625.
1
What is the highest common divisor of 1450209 and 31557?
471
What is the highest common divisor of 235 and 9117201?
47
Calculate the greatest common factor of 2806 and 2670806.
46
Calculate the greatest common divisor of 67125137 and 1271.
31
Calculate the highest common factor of 15149140 and 160.
20
Calculate the highest common divisor of 2269792 and 576.
32
What is the highest common divisor of 21705554 and 13?
13
Calculate the highest common divisor of 525 and 264311775.
525
What is the highest common factor of 54076 and 28820?
44
Calculate the highest common factor of 87170 and 73.
1
Calculate the highest common factor of 5236228 and 14.
2
Calculate the greatest common divisor of 2655 and 8675655.
885
What is the highest common factor of 1221034848 and 228?
228
Calculate the greatest common factor of 6354810 and 262.
262
What is the highest common divisor of 82188165 and 105?
15
Calculate the greatest common divisor of 65688 and 920346.
714
What is the greatest common divisor of 121028 and 4979?
383
What is the greatest common factor of 2443929 and 447?
3
Calculate the greatest common factor of 157262 and 263858.
658
What is the greatest common divisor of 73624749 and 847?
121
Calculate the greatest common factor of 7774 and 504634.
338
Calculate the greatest common factor of 2648357 and 1855.
53
Calculate the highest common factor of 50105 and 112035.
55
Calculate the greatest common divisor of 30 and 827438430.
30
Calculate the highest common divisor of 345 and 100474235.
115
What is the highest common divisor of 992171 and 17?
17
Calculate the greatest common divisor of 820 and 169591990.
410
What is the greatest common factor of 120530 and 896580?
170
Calculate the highest common divisor of 4975668 and 7776.
972
What is the highest common divisor of 62564117 and 21?
7
Calculate the greatest common factor of 76467 and 34293.
213
What is the greatest common factor of 13 and 1022111?
1
What is the greatest common divisor of 6464 and 15369776?
1616
What is the greatest common factor of 445244104 and 16?
8
Calculate the highest common factor of 46249 and 546.
7
Calculate the greatest common factor of 627662 and 393974.
1498
Calculate the highest common divisor of 10459960 and 5.
5
What is the highest common factor of 5640856 and 3715?
743
What is the highest common divisor of 710337045 and 99?
33
What is the greatest common factor of 684331585 and 3554?
1777
What is the greatest common factor of 252 and 3739904?
28
What is the greatest common factor of 1004 and 1736662976?
1004
What is the greatest common factor of 385 and 264015?
5
Calculate the greatest common divisor of 5287 and 4135367.
311
Calculate the highest common divisor of 27005760 and 2160.
720
Calculate the greatest common factor of 22194 and 3223062.
2466
Calculate the highest common factor of 14446 and 452476.
62
Calculate the highest common factor of 228868 and 2494.
58
Calculate the greatest common divisor of 90882 and 1868691.
561
Calculate the highest common factor of 111877 and 697.
17
What is the gr